at is the highest common divisor of 60 and 640?
20
Calculate the greatest common factor of 7174 and 34.
34
What is the greatest common divisor of 5236 and 1071?
119
What is the greatest common factor of 341 and 31?
31
Calculate the highest common factor of 48 and 2032.
16
What is the greatest common divisor of 200 and 3925?
25
What is the highest common factor of 41860 and 23?
23
Calculate the highest common factor of 154 and 42.
14
What is the highest common factor of 60 and 486?
6
Calculate the highest common divisor of 287 and 49.
7
Calculate the greatest common factor of 1 and 168.
1
Calculate the greatest common factor of 288 and 9144.
72
What is the highest common divisor of 9592 and 109?
109
What is the greatest common divisor of 1900 and 5?
5
Calculate the highest common divisor of 16 and 148432.
16
What is the highest common factor of 55 and 9955?
55
Calculate the greatest common factor of 152 and 190.
38
Calculate the greatest common divisor of 32 and 184.
8
Calculate the highest common divisor of 150 and 400.
50
What is the greatest common divisor of 36 and 207?
9
What is the highest common factor of 1078 and 110?
22
Calculate the greatest common factor of 7 and 1841.
7
Calculate the highest common factor of 144 and 90.
18
Calculate the greatest common factor of 22 and 5027.
11
What is the greatest common divisor of 184 and 72?
8
Calculate the highest common factor of 17 and 1411.
17
Calculate the highest common divisor of 10 and 68.
2
Calculate the highest common factor of 21 and 1393.
7
What is the highest common divisor of 1323 and 42?
21
Calculate the greatest common factor of 1568 and 98.
98
Calculate the highest common factor of 1572 and 12.
12
What is the greatest common divisor of 189 and 27?
27
Calculate the highest common divisor of 28 and 154.
14
Calculate the greatest common factor of 1575 and 189.
63
What is the greatest common factor of 171 and 36?
9
What is the highest common factor of 10758 and 66?
66
What is the highest common factor of 395 and 5?
5
Calculate the greatest common divisor of 243 and 3483.
81
What is the highest common divisor of 33 and 341?
11
What is the highest common factor of 363 and 66?
33
Calculate the highest common divisor of 3510 and 715.
65
Calculate the highest common factor of 8 and 4640.
8
Calculate the highest common divisor of 312 and 169.
13
What is the greatest common divisor of 106 and 1325?
53
What is the highest common divisor of 21 and 21?
21
What is the greatest common divisor of 70 and 50?
10
Calculate the greatest common factor of 132 and 2784.
12
Calculate the greatest common divisor of 240 and 60.
60
What is the greatest common divisor of 1536 and 816?
48
Calculate the greatest common factor of 22536 and 12.
12
What is the highest common divisor of 13 and 1482?
13
What is the greatest common factor of 414 and 324?
18
What is the greatest common divisor of 14 and 7?
7
Calculate the highest common divisor of 667 and 207.
23
What is the greatest common factor of 10349 and 79?
79
Calculate the highest common divisor of 1712 and 1605.
107
Calculate the highest common factor of 2278 and 3886.
134
What is the highest common factor of 2900 and 232?
116
What is the greatest common factor of 256 and 8?
8
Calculate the greatest common divisor of 10 and 245.
5
What is the greatest common divisor of 1701 and 14?
7
Calculate the highest common factor of 1488 and 48.
48
What is the greatest common factor of 423 and 799?
47
Calculate the highest common divisor of 680 and 60.
20
What is the highest common factor of 146 and 48?
2
What is the greatest common divisor of 3127 and 159?
53
Calculate the highest common factor of 48 and 291.
3
What is the greatest common factor of 290 and 116?
58
Calculate the highest common factor of 37908 and 156.
156
Calculate the highest common factor of 260 and 24128.
52
Calculate the highest common factor of 33 and 3047.
11
What is the greatest common divisor of 39 and 1131?
39
What is the highest common divisor of 1120 and 8540?
140
What is the greatest common divisor of 310 and 682?
62
What is the greatest common divisor of 731 and 17?
17
What is the greatest common factor of 200 and 3140?
20
Calculate the greatest common divisor of 473 and 43.
43
Calculate the greatest common factor of 1528 and 8.
8
Calculate the highest common factor of 7102 and 106.
106
Calculate the greatest common factor of 162 and 405.
81
Calculate the greatest common divisor of 637 and 147.
49
Calculate the greatest common divisor of 798 and 95.
19
Calculate the highest common divisor of 300 and 20.
20
Calculate the greatest common divisor of 65 and 182.
13
Calculate the highest common divisor of 111 and 348.
3
What is the highest common factor of 116 and 986?
58
Calculate the greatest common divisor of 48 and 80.
16
What is the greatest common factor of 24 and 9?
3
Calculate the highest common factor of 532 and 3780.
28
What is the greatest common divisor of 5 and 55?
5
Calculate the greatest common factor of 297 and 54.
27
What is the highest common factor of 53432 and 8?
8
Calculate the greatest common divisor of 4 and 47.
1
What is the greatest common divisor of 2480 and 80?
80
Calculate the highest common factor of 736 and 644.
92
Calculate the greatest common divisor of 2210 and 20.
10
Calculate the greatest common divisor of 2256 and 47.
47
What is the greatest common factor of 1472 and 448?
64
What is the highest common factor of 4278 and 496?
62
What is the highest common factor of 1848 and 22?
22
Calculate the greatest common divisor of 23376 and 32.
16
Calculate the greatest common factor of 117 and 18.
9
Calculate the greatest common divisor of 73 and 73.
73
Calculate the highest common divisor of 147 and 6027.
147
What is the highest common factor of 505 and 5?
5
What is the greatest common divisor of 400 and 1075?
25
What is the highest common divisor of 17280 and 18?
18
What is the greatest common factor of 63 and 1351?
7
What is the highest common divisor of 120 and 210?
30
Calculate the highest common factor of 12 and 24.
12
Calculate the greatest common factor of 14 and 1358.
14
Calculate the highest common divisor of 13925 and 25.
25
Calculate the greatest common factor of 48 and 208.
16
Calculate the highest common factor of 8 and 8.
8
Calculate the highest common factor of 481 and 13.
13
Calculate the highest common divisor of 675 and 243.
27
What is the greatest common divisor of 6 and 1662?
6
Calculate the greatest common factor of 559 and 299.
13
What is the greatest common divisor of 1118 and 338?
26
Calculate the highest common divisor of 450 and 36.
18
What is the greatest common divisor of 108 and 5022?
54
Calculate the highest common factor of 4564 and 112.
28
What is the highest common factor of 123 and 820?
41
Calculate the greatest common divisor of 3125 and 25.
25
Calculate the highest common divisor of 2930 and 20.
10
What is the greatest common factor of 3078 and 114?
114
What is the greatest common divisor of 7584 and 672?
96
What is the greatest common divisor of 180 and 60?
60
What is the highest common factor of 494 and 26?
26
Calculate the greatest common factor of 512 and 12.
4
Calculate the greatest common divisor of 26 and 13.
13
What is the highest common factor of 680 and 476?
68
Calculate the greatest common factor of 120 and 5480.
40
Calculate the greatest common divisor of 342 and 54.
18
Calculate the highest common factor of 44 and 1111.
11
What is the greatest common factor of 34 and 2176?
34
What is the highest common factor of 64 and 352?
32
Calculate the greatest common factor of 202 and 2.
2
Calculate the greatest common factor of 260 and 624.
52
What is the greatest common divisor of 6486 and 423?
141
What is the greatest common factor of 11385 and 7920?
495
Calculate the greatest common divisor of 215 and 15.
5
What is the highest common factor of 321 and 5243?
107
Calculate the greatest common factor of 147 and 42.
21
Calculate the greatest common factor of 294 and 6321.
147
What is the highest common factor of 42 and 24?
6
Calculate the highest common factor of 3 and 267.
3
Calculate the highest common divisor of 430 and 86.
86
What is the highest common divisor of 2623 and 61?
61
Calculate the greatest common factor of 242